by ((-494)/39)/(1/(-6))?
71
Let s(b) = -7*b - 4. Let k(x) = x - 1. Let p be k(-4). What is the remainder when s(p) is divided by (5 - 2)*(-8)/(-3)?
7
Suppose 0 = -2*y - 61 - 77. Let c = y + 148. Suppose 4*j = -z + 28, -4*z = -2*j - 2*j - 72. What is the remainder when c is divided by z?
19
Let n(o) = -o**3 - o**2 + 3*o + 3. Let h be n(-2). Let s(w) = 6*w**3 + w**2 - 2*w + 1. Calculate the remainder when 2*(-3)/(-12)*32 is divided by s(h).
4
Let i = -227 + 55. Let u = -165 - i. What is the remainder when u is divided by 0 - (-3)/(6/8)?
3
Let f(h) = h**2 + 7*h - 50. What is the remainder when 25 is divided by f(-12)?
5
Let v(t) = t + 60. Let c be (3 - 6) + 5 + -2. Let h be v(c). Calculate the remainder when 33 is divided by ((-6)/15)/((-2)/h).
9
Suppose -648 - 84 = -12*c. What is the remainder when c is divided by 19?
4
Let q(i) = -i + 9. Calculate the remainder when q(0) is divided by 4/(0 + 0 - 10/(-15)).
3
Let d = 118 - 110. Calculate the remainder when 62 is divided by d.
6
Let p(k) = -k**3 + 9*k**2 - 7*k + 49. What is the remainder when 153 is divided by p(8)?
39
Let w = -27 + 30. Suppose -4*l + 14 = j - 8, w*l = -5*j + 8. Calculate the remainder when 0 - (-6)/((-12)/(-70)) is divided by l.
5
Suppose 2*y + 2*a + 19 = 3*y, -2*a - 49 = -3*y. Let x = y - 16. What is the remainder when 23 is divided by 175/14 - x/2?
10
Suppose -3*w + 4*x = 3*x - 158, -5*x + 128 = 2*w. Suppose -18*t + 9*t = -w. What is the remainder when 15 is divided by t?
3
Calculate the remainder when 6 + (-4254)/(-14) - 18/21 is divided by 39.
36
Suppose 18801 = 12*c + 885. Calculate the remainder when c is divided by 88.
85
Let h = 164 - 165. Suppose 0*g + 2*g = -6. Calculate the remainder when 7 is divided by g - 7*h/1.
3
Let z(d) = 17*d - 5. What is the remainder when z(7) is divided by 31?
21
Let n = 2294 - 2281. Calculate the remainder when 518 is divided by n.
11
Suppose 2*l - 2*c - 28 = -2*l, -5*l - 5*c = -20. Let w(n) = 2*n**3 - 13*n**2 + 11*n - 27. Calculate the remainder when 30 is divided by w(l).
0
Let v(k) = -4*k - 3. Let j be v(-2). Suppose -2*l - 62 = 4*d, -j*d + 3*l + l = 84. What is the remainder when 1/((d/60)/(-4)) is divided by 9?
6
Let z = 85 - 71. Suppose 10*y = -y + 55. What is the remainder when z is divided by y?
4
Let z be 22/(-6) + 1/(-3). Let c(l) = -l**3 - 4*l**2 - 3*l + 2. Let d(n) = -n**3 + 39*n**2 + 224*n - 168. What is the remainder when c(z) is divided by d(44)?
6
Let p be -1 - (-4 - -4) - -13. What is the remainder when 105 + p/(-3)*1 is divided by 26?
23
Let a be (-609)/9 - 2/(-3). Let f = -10 - -27. Calculate the remainder when (2 - (0 - -3))*a is divided by f.
16
Let p = -103 + 93. What is the remainder when 603/(-6)*p/15 is divided by 36?
31
Let a = 10 + 0. Let r(z) = -z**3 - 7*z**2 - z. Calculate the remainder when (1 + 1)*1*a is divided by r(-7).
6
Suppose 5*v - 91 = 3*x, 0 = 3*v - 2*x + 7*x - 75. Let d = 110 + -38. What is the remainder when (d/16)/((-2)/(-44)) is divided by v?
19
Suppose -2*n - 5*r + 59 = 0, 0 = n - 5*n + 5*r + 43. What is the remainder when 65 is divided by n?
14
Suppose 3*t + 4 = 10. Suppose -t*l = -4*l + 10. Let w = l - 2. Calculate the remainder when 11 is divided by w.
2
Let c = 24 + -26. Let j(h) = -8*h - 7. What is the remainder when 31 is divided by j(c)?
4
Suppose 0 = 3*q + 15 - 12. Let j(w) = 20*w**2 - w - 1. Let r be j(q). Let z = r - -16. Calculate the remainder when z is divided by 13.
10
Let c(y) = y**3 - 10*y**2 - 28*y + 26. Let k be c(12). Let b = k + 45. Calculate the remainder when 112 is divided by b.
20
Let s be 4/22 - (-155)/55. Let r(m) = -m - 1. Let v be r(s). Calculate the remainder when 56 is divided by ((-2)/v)/((-1)/(-58)).
27
Let j be (-7)/((1/2)/((-1)/2)). Suppose j*m - 40 = 37. Let w(i) = i**2 + i - 2. What is the remainder when m is divided by w(-3)?
3
Let b(q) = -9*q**2 + 14*q + 13. Let n(i) = 7*i**2 - 13*i - 12. Let y(a) = 4*b(a) + 5*n(a). Let f = 12 - 18. What is the remainder when 28 is divided by y(f)?
8
Suppose 52 = 2*m - 6. Let b(q) = -q**3 + 6*q**2 - 8*q + 9. Let x be b(6). Let y = -31 - x. What is the remainder when m is divided by y?
5
Calculate the remainder when 111 is divided by (-94)/(-9) - (-8)/(-18).
1
Suppose -3*q = 4*u - 76, 0*q - 2*u - 118 = -5*q. Calculate the remainder when (-11)/(-11)*(-4*33)/(-2) is divided by q.
18
Let t(r) = r**3 - 3*r**2 + r + 4. Suppose 14*y + 141 = 17*y. What is the remainder when y is divided by t(3)?
5
What is the remainder when 121 is divided by ((-4)/8)/(10/(-960))?
25
Let i be (-2)/4 + (-11)/(-2). Suppose 0 = -i*z - 36 + 116. Calculate the remainder when (-2325)/(-50) + (-1)/(-2) is divided by z.
15
Suppose -4*j + 47 = -1. Let u = 18 - j. What is the remainder when 39 is divided by u/(-10) + (-265)/(-25)?
9
Suppose -19*d - 3*h - 12 = -21*d, 4*h = d - 11. What is the remainder when 23 is divided by d?
2
Let r(l) = l**2 - 7*l - 19. Let q be r(10). Suppose 5*i = 69 + q. What is the remainder when 31 is divided by i?
15
Let l(w) = -w**3 + 4*w + 3. Let j be l(-2). Suppose 5*m - 2*s - 2*s - 151 = 0, -j*s = 12. Let u = -19 + m. What is the remainder when 14 is divided by u?
6
Let c = -5 - -38. Let x(l) = 5*l - 3. Let y be x(4). Suppose 5*p - 502 + y = 0. What is the remainder when p is divided by c?
31
Let r(k) = -k**3 + 4*k**2 + 3*k - 6. Calculate the remainder when r(4) is divided by 8/(-44) - (-130)/110.
0
Let h = -8 - -17. Let j = h + -21. What is the remainder when 21 is divided by (j/(-15))/(2/15)?
3
Let d be (-21)/6*80/(-14). Suppose 4*l + 13 = -5*v - d, 16 = 2*l - 4*v. What is the remainder when 4 + l + -3 + 9 is divided by 5?
3
Let q(g) = 7*g + 37. Calculate the remainder when q(18) is divided by 85.
78
Suppose -c = -3*x - 206, 5*c - 5 = 5. Calculate the remainder when (-75)/(-2)*x/(-85) is divided by 8.
6
Let w = 4 - 7. Let x be w - (-1 + 1) - -19. Suppose -x = 4*h + 4, -3*j + 5*h + 112 = 0. Calculate the remainder when 113 is divided by j.
26
Let k(v) = 27*v**2 - 2*v - 2. Let t(w) = -5*w**3 - w**2 + 5*w + 5. Let s be t(-2). Suppose 0 = m - s - 19. Calculate the remainder when m is divided by k(-1).
23
Let k be (0*(-1)/(-3))/1. Suppose -4*w - 44 + 248 = k. Suppose -3*s - 3*m + w = -0*m, 4*m = -s + 29. What is the remainder when 34 is divided by s?
8
Suppose 2*f - 2*r - 54 = 0, f = -4*r + 2 - 0. Suppose 0 = -2*h - 2, 5*h + 0 = 4*t + 15. Let w = t + 17. What is the remainder when f is divided by w?
10
Let t(j) = -j - 1. Let q be t(5). Calculate the remainder when 4*14/(-8)*q is divided by (-3)/12*-10 + 175/14.
12
Suppose -2*f + 4*s = -596, -5*f - 10*s + 13*s + 1483 = 0. What is the remainder when f is divided by 53?
31
Let a(s) = -s**2 + 55*s - 572. Let f(k) = -k**3 + k**2 + 4*k + 3. What is the remainder when f(-2) is divided by a(41)?
1
Calculate the remainder when (-2)/11 + (-752)/(-22) is divided by 5 - 2 - (-4 - 3).
4
Let z(i) = i**2 + 32*i - 87. Calculate the remainder when z(-35) is divided by 4.
2
Suppose 3 = -3*r, 2*g - 13 - 22 = -r. Let f = 87 + -36. What is the remainder when f is divided by g?
15
Suppose 2*k - 20 = -0*k. Let a be 16/96 - (-2)/(-12)*-1913. Suppose 0 = -10*w + 21 + a. What is the remainder when w is divided by k?
4
Suppose -t + t = -t. Suppose 0 = -3*d - u + 99, -u - 165 = -5*d - t*u. Calculate the remainder when 131 is divided by d.
32
Suppose -54 = 4*g - 846. Let c = -128 + g. Calculate the remainder when c is divided by 18.
16
Suppose 5*j + 57 = v, 4*j - 70 = -2*v + 3*j. What is the remainder when v is divided by 13?
11
What is the remainder when (-417)/(-6)*(-16)/(-4) is divided by 35?
33
Suppose -222 = 5*u - 8*u. Calculate the remainder when u is divided by 19.
17
Let n be 2/(-11) - 18/22. Let v be (-25)/n*(12 + 1). Suppose -4*b = -0*g - g + 62, -5*g = -5*b - v. What is the remainder when g is divided by 17?
15
Suppose 704 - 231 = 11*n. Calculate the remainder when 385 is divided by n.
41
Suppose r + 2*r = -4*b - 27, -4*r - 32 = 4*b. Calculate the remainder when -3*(b/(-1) - 156/9) is divided by 11.
10
Suppose -43 - 177 = -d - 4*q, -4*d - q + 955 = 0. Suppose -2*c - 2*b = -d, -2*c + 3*b = c - 336. Calculate the remainder when c is divided by 39.
38
Suppose 3*u + 3 - 8 = -i, -3*u = -2*i - 17. Suppose -u*w = -41 - 154. Suppose -w = -5*x + 15. Calculate the remainder when x is divided by 7.
2
Let v = -